{"id":728,"date":"2018-03-15T12:12:15","date_gmt":"2018-03-15T11:12:15","guid":{"rendered":"https:\/\/www.hotelfloracomano.it\/motivazioni-di-vacanza\/"},"modified":"2018-06-26T16:35:26","modified_gmt":"2018-06-26T14:35:26","slug":"motivationen-fuer-den-urlaub","status":"publish","type":"page","link":"https:\/\/hotelfloracomano.it\/de\/motivationen-fuer-den-urlaub\/","title":{"rendered":"MOTIVATIONEN F\u00dcR DEN URLAUB"},"content":{"rendered":"<p>[vc_row][vc_column][vc_column_text css=&#8220;.vc_custom_1524462802267{margin-top: 30px !important;margin-bottom: 30px !important;}&#8220;]<\/p>\n<h2>DAS VITAL HOTEL FLORA IST DIE IDEALE OASE DER ENTSPANNUNG, WO SIE EINEN URLAUB IM TRENTINO UND NUR WENIGE SCHRITTE VON DEN THERMEN VERBRINGEN K\u00d6NNEN<\/h2>\n<p>Die Hektik und der Stress, von denen der Alltag durchdrungen ist, f\u00fchren dazu, dass wir immer mehr Raum f\u00fcr uns selbst suchen m\u00fcssen, um ein inneres Gleichgewicht zu finden.<\/p>\n<p>Unser Hotel bietet dem Gast die M\u00f6glichkeit, aufzutanken und einen erholsamen Urlaub im Trentino an einem Ort zu verbringen, der f\u00fcr seine Heilb\u00e4der bekannt ist. Die S\u00e4ulen unseres Wellness-Konzeptes sind Gesundheit, Ern\u00e4hrung und Bewegung.<\/p>\n<p>Die Gr\u00fcnde f\u00fcr einen Aufenthalt, der die Urlauber in die Brentner Dolomiten, nur wenige Kilometer vom Gardasee f\u00fchrt, sind vielf\u00e4ltig. Sportler, Feinschmecker, Freunde des Wellness-Urlaubs und Familien, die sich die Philosophie Vital zu eigen machen, finden eine Antwort auf ihre Urlaubsw\u00fcnsche und k\u00f6nnen einen Lebensstil f\u00fchren, der, gelinde gesagt, etwas Besonderes ist.<\/p>\n<hr \/>\n<p>[\/vc_column_text][\/vc_column][\/vc_row][vc_row full_width=&#8220;stretch_row&#8220; el_class=&#8220;bg_offerte&#8220;][vc_column][vc_column_text]<\/p>\n<h2 class=\"vhf-titolo\">Angebote<\/h2>\n<div class=\"wcp-carousel-main-wrap\">\n        <section class=\"wcp-slick\"  data-accessibility = on data-autoplay = on data-autoplaySpeed = 3000 data-slidesToShow = 2 data-slidesToShowtab = 2 data-slidesToShowmob = 1 data-speed = 1000 data-margin = 30px data-arrows = on id=\"carousel-206\">\n\n                            <div class=\"slick-slide carousel-item-1255\">\n                    <div class=\"post-style-2 rpc-bg rpc-box\">\n    <div class=\"wcp-img-wrap\">\n        <a href=\"https:\/\/hotelfloracomano.it\/de\/offerte\/romantisches-neues-jahr\/\">\n            <div class=\"fixed-height-image\"><img width=\"370\" height=\"300\" src=\"https:\/\/hotelfloracomano.it\/wp-content\/uploads\/2018\/06\/h.vital_.tn_.18-0323_1920x1280-370x300.jpg\" class=\"attachment-370x300 size-370x300 wp-post-image\" alt=\"\" decoding=\"async\" loading=\"lazy\" srcset=\"https:\/\/hotelfloracomano.it\/wp-content\/uploads\/2018\/06\/h.vital_.tn_.18-0323_1920x1280-370x300.jpg 370w, https:\/\/hotelfloracomano.it\/wp-content\/uploads\/2018\/06\/h.vital_.tn_.18-0323_1920x1280-270x220.jpg 270w\" sizes=\"(max-width: 370px) 100vw, 370px\" \/><\/div>        <\/a>\n    <\/div>\n    <div class=\"wcp-content-wrap\">\n        <h3>\n            <a class=\"rpc-title\" href=\"https:\/\/hotelfloracomano.it\/de\/offerte\/romantisches-neues-jahr\/\" target=\"_self\" class=\"rpc-title\">\n                ROMANTISCHES NEUES JAHR            <\/a>\n        <\/h3>\n                <div class=\"wcp-post-contents rpc-content\">\n\n            Eingeweiht im Jahr 2022, umgeben von einer romantischen und entspannten Atmosph\u00e4re. Funkelnde Weihnachtsdekorationen, die faszinierenden Weinhachtsm\u00e4rkte des Trentino, verw\u00f6hnende und&hellip;\n                            <br>\n                <a href=\"https:\/\/hotelfloracomano.it\/de\/offerte\/romantisches-neues-jahr\/\" target=\"_self\" class=\"vhf-btn\">Scopri \u00bb<\/a>\n        \n        <\/div>        \n    <\/div>\n<\/div>                <\/div>    \n\n                            <div class=\"slick-slide carousel-item-1473\">\n                    <div class=\"post-style-2 rpc-bg rpc-box\">\n    <div class=\"wcp-img-wrap\">\n        <a href=\"https:\/\/hotelfloracomano.it\/de\/offerte\/glueckliche-weihnachten\/\">\n            <div class=\"fixed-height-image\"><img width=\"370\" height=\"300\" src=\"https:\/\/hotelfloracomano.it\/wp-content\/uploads\/2018\/11\/050h.vital_.tn_.18-0714-370x300.jpg\" class=\"attachment-370x300 size-370x300 wp-post-image\" alt=\"\" decoding=\"async\" loading=\"lazy\" srcset=\"https:\/\/hotelfloracomano.it\/wp-content\/uploads\/2018\/11\/050h.vital_.tn_.18-0714-370x300.jpg 370w, https:\/\/hotelfloracomano.it\/wp-content\/uploads\/2018\/11\/050h.vital_.tn_.18-0714-270x220.jpg 270w\" sizes=\"(max-width: 370px) 100vw, 370px\" \/><\/div>        <\/a>\n    <\/div>\n    <div class=\"wcp-content-wrap\">\n        <h3>\n            <a class=\"rpc-title\" href=\"https:\/\/hotelfloracomano.it\/de\/offerte\/glueckliche-weihnachten\/\" target=\"_self\" class=\"rpc-title\">\n                GL\u00dcCKLICHE WEIHNACHTEN            <\/a>\n        <\/h3>\n                <div class=\"wcp-post-contents rpc-content\">\n\n            Nutzen Sie die einmalige Gelegenheit, um in der Weihnachtszeit einen Wellnessaufenthalt im Trentino zu verbringen. Wir garantieren maximale Entspannung. 256&hellip;\n                            <br>\n                <a href=\"https:\/\/hotelfloracomano.it\/de\/offerte\/glueckliche-weihnachten\/\" target=\"_self\" class=\"vhf-btn\">Scopri \u00bb<\/a>\n        \n        <\/div>        \n    <\/div>\n<\/div>                <\/div>    \n\n                            <div class=\"slick-slide carousel-item-1268\">\n                    <div class=\"post-style-2 rpc-bg rpc-box\">\n    <div class=\"wcp-img-wrap\">\n        <a href=\"https:\/\/hotelfloracomano.it\/de\/offerte\/wochenende-im-geschmack\/\">\n            <div class=\"fixed-height-image\"><img width=\"370\" height=\"300\" src=\"https:\/\/hotelfloracomano.it\/wp-content\/uploads\/2018\/10\/Ciuiga__Foto-19-370x300.jpg\" class=\"attachment-370x300 size-370x300 wp-post-image\" alt=\"\" decoding=\"async\" loading=\"lazy\" srcset=\"https:\/\/hotelfloracomano.it\/wp-content\/uploads\/2018\/10\/Ciuiga__Foto-19-370x300.jpg 370w, https:\/\/hotelfloracomano.it\/wp-content\/uploads\/2018\/10\/Ciuiga__Foto-19-270x220.jpg 270w\" sizes=\"(max-width: 370px) 100vw, 370px\" \/><\/div>        <\/a>\n    <\/div>\n    <div class=\"wcp-content-wrap\">\n        <h3>\n            <a class=\"rpc-title\" href=\"https:\/\/hotelfloracomano.it\/de\/offerte\/wochenende-im-geschmack\/\" target=\"_self\" class=\"rpc-title\">\n                WOCHENENDE IM GESCHMACK            <\/a>\n        <\/h3>\n                <div class=\"wcp-post-contents rpc-content\">\n\n            Das Festival der Ciu\u00ecga m\u00f6chte den unverwechselbaren Geschmack der typischen Salami von San Lorenzo in Banale feiern. Buchen Sie Ihren&hellip;\n                            <br>\n                <a href=\"https:\/\/hotelfloracomano.it\/de\/offerte\/wochenende-im-geschmack\/\" target=\"_self\" class=\"vhf-btn\">Scopri \u00bb<\/a>\n        \n        <\/div>        \n    <\/div>\n<\/div>                <\/div>    \n\n                            <div class=\"slick-slide carousel-item-1106\">\n                    <div class=\"post-style-2 rpc-bg rpc-box\">\n    <div class=\"wcp-img-wrap\">\n        <a href=\"https:\/\/hotelfloracomano.it\/de\/offerte\/wir-rabatten-sie-ihr-alter\/\">\n            <div class=\"fixed-height-image\"><img width=\"370\" height=\"300\" src=\"https:\/\/hotelfloracomano.it\/wp-content\/uploads\/2018\/11\/050h.vital_.tn_.18-0714-370x300.jpg\" class=\"attachment-370x300 size-370x300 wp-post-image\" alt=\"\" decoding=\"async\" loading=\"lazy\" srcset=\"https:\/\/hotelfloracomano.it\/wp-content\/uploads\/2018\/11\/050h.vital_.tn_.18-0714-370x300.jpg 370w, https:\/\/hotelfloracomano.it\/wp-content\/uploads\/2018\/11\/050h.vital_.tn_.18-0714-270x220.jpg 270w\" sizes=\"(max-width: 370px) 100vw, 370px\" \/><\/div>        <\/a>\n    <\/div>\n    <div class=\"wcp-content-wrap\">\n        <h3>\n            <a class=\"rpc-title\" href=\"https:\/\/hotelfloracomano.it\/de\/offerte\/wir-rabatten-sie-ihr-alter\/\" target=\"_self\" class=\"rpc-title\">\n                WIR RABATTEN SIE IHR ALTER!            <\/a>\n        <\/h3>\n                <div class=\"wcp-post-contents rpc-content\">\n\n            Wer hat gesagt, dass das Alter nicht z\u00e4hlt? Bei Vital Hotel Flora z\u00e4hlt es und wie! Bei einem Mindestaufenthalt von&hellip;\n                            <br>\n                <a href=\"https:\/\/hotelfloracomano.it\/de\/offerte\/wir-rabatten-sie-ihr-alter\/\" target=\"_self\" class=\"vhf-btn\">Scopri \u00bb<\/a>\n        \n        <\/div>        \n    <\/div>\n<\/div>                <\/div>    \n\n                \n        <\/section>\n        <\/div>\n        <style>#carousel-206 .slick-prev:before, #carousel-206 .slick-next:before { color: #ffffff !important;}#carousel-206 .slick-slide { margin: 2px 30px; } #carousel-206 .rpc-title { color: ; } #carousel-206 .rpc-content { color: ; } #carousel-206 .rpc-date { background-color: ; } #carousel-206 .rpc-date { color: #ffffff; } #carousel-206 .rpc-overlay { background-color: #ffffff; } #carousel-206 .carousel-style9 { border-top-color: #ffffff; } #carousel-206 .carousel-style9 .button:before { background-color: #ffffff; } #carousel-206 .rpc-box { box-shadow: -webkit-box-shadow: 0px 5px 10px 0px rgba(0,0,0,0.35); -moz-box-shadow: 0px 5px 10px 0px rgba(0,0,0,0.35); box-shadow: 0px 5px 10px 0px rgba(0,0,0,0.35);; } #carousel-206 .rpc-bg { background-color: #ffffff; } #carousel-206 .rpc-title-bg { background-color: #ffffff; } #carousel-206 .rpc-box { border: 5px solid #ffffff; } #carousel-206 .fixed-height-image { height: ; } #carousel-206 .style4 { padding: 10px; } #carousel-206 .style6 { padding: 10px; } #carousel-206 .carousel-style11:after { border-color: transparent transparent transparent #ffffff; } #carousel-206 figure.carousel-style18:after { background-color: #ffffff; } #carousel-206 .slick-next:before { content: '\\ \\f0a9 '; } #carousel-206 .slick-prev:before { content: '\\ \\f0a8'; }#carousel-206 .slick-next:before, #carousel-206 .slick-prev:before { background-color: #3d2a62; padding: 2px 5px; border-radius: 50%; } #carousel-206 .carousel-style12 figcaption:before { border-color: transparent transparent transparent #ffffff; } #carousel-206 .carousel-style14 figcaption:before { background-image: linear-gradient(to bottom, transparent 0%, #ffffff 100%); } #carousel-206 .carousel-style15 figcaption:before { border-color: transparent transparent transparent #ffffff; } #carousel-206 .rpc-title { font-family: ; } #carousel-206 .rpc-title { font-size: 21px; } #carousel-206 .rpc-content { font-family: ; } #carousel-206 .rpc-content { font-size: 16px; } <\/style>[\/vc_column_text][\/vc_column][\/vc_row]<\/p>\n","protected":false},"excerpt":{"rendered":"<p>[vc_row][vc_column][vc_column_text css=&#8220;.vc_custom_1524462802267{margin-top: 30px !important;margin-bottom: 30px !important;}&#8220;] DAS VITAL HOTEL FLORA IST DIE IDEALE OASE DER ENTSPANNUNG, WO SIE EINEN URLAUB IM TRENTINO UND NUR WENIGE SCHRITTE VON DEN THERMEN VERBRINGEN K\u00d6NNEN Die Hektik und der Stress, von denen der Alltag durchdrungen ist, f\u00fchren dazu, dass wir immer mehr Raum f\u00fcr uns selbst suchen m\u00fcssen, um<\/p>\n","protected":false},"author":1,"featured_media":2379,"parent":0,"menu_order":0,"comment_status":"closed","ping_status":"closed","template":"","meta":[],"acf":[],"_links":{"self":[{"href":"https:\/\/hotelfloracomano.it\/de\/wp-json\/wp\/v2\/pages\/728"}],"collection":[{"href":"https:\/\/hotelfloracomano.it\/de\/wp-json\/wp\/v2\/pages"}],"about":[{"href":"https:\/\/hotelfloracomano.it\/de\/wp-json\/wp\/v2\/types\/page"}],"author":[{"embeddable":true,"href":"https:\/\/hotelfloracomano.it\/de\/wp-json\/wp\/v2\/users\/1"}],"replies":[{"embeddable":true,"href":"https:\/\/hotelfloracomano.it\/de\/wp-json\/wp\/v2\/comments?post=728"}],"version-history":[{"count":2,"href":"https:\/\/hotelfloracomano.it\/de\/wp-json\/wp\/v2\/pages\/728\/revisions"}],"predecessor-version":[{"id":730,"href":"https:\/\/hotelfloracomano.it\/de\/wp-json\/wp\/v2\/pages\/728\/revisions\/730"}],"wp:featuredmedia":[{"embeddable":true,"href":"https:\/\/hotelfloracomano.it\/de\/wp-json\/wp\/v2\/media\/2379"}],"wp:attachment":[{"href":"https:\/\/hotelfloracomano.it\/de\/wp-json\/wp\/v2\/media?parent=728"}],"curies":[{"name":"wp","href":"https:\/\/api.w.org\/{rel}","templated":true}]}}

MOTIVATIONEN FÜR DEN URLAUB

<p>[vc_row][vc_column][vc_column_text css=&#8220;.vc_custom_1524462802267{margin-top: 30px !important;margin-bottom: 30px !important;}&#8220;]</p>
<h2>DAS VITAL HOTEL FLORA IST DIE IDEALE OASE DER ENTSPANNUNG, WO SIE EINEN URLAUB IM TRENTINO UND NUR WENIGE SCHRITTE VON DEN THERMEN VERBRINGEN KÖNNEN</h2>
<p>Die Hektik und der Stress, von denen der Alltag durchdrungen ist, führen dazu, dass wir immer mehr Raum für uns selbst suchen müssen, um ein inneres Gleichgewicht zu finden.</p>
<p>Unser Hotel bietet dem Gast die Möglichkeit, aufzutanken und einen erholsamen Urlaub im Trentino an einem Ort zu verbringen, der für seine Heilbäder bekannt ist. Die Säulen unseres Wellness-Konzeptes sind Gesundheit, Ernährung und Bewegung.</p>
<p>Die Gründe für einen Aufenthalt, der die Urlauber in die Brentner Dolomiten, nur wenige Kilometer vom Gardasee führt, sind vielfältig. Sportler, Feinschmecker, Freunde des Wellness-Urlaubs und Familien, die sich die Philosophie Vital zu eigen machen, finden eine Antwort auf ihre Urlaubswünsche und können einen Lebensstil führen, der, gelinde gesagt, etwas Besonderes ist.</p>
<hr />
<p>[/vc_column_text][/vc_column][/vc_row][vc_row full_width=&#8220;stretch_row&#8220; el_class=&#8220;bg_offerte&#8220;][vc_column][vc_column_text]</p>
<h2 class="vhf-titolo">Angebote</h2>
<div class="wcp-carousel-main-wrap">
        <section class="wcp-slick"  data-accessibility = on data-autoplay = on data-autoplaySpeed = 3000 data-slidesToShow = 2 data-slidesToShowtab = 2 data-slidesToShowmob = 1 data-speed = 1000 data-margin = 30px data-arrows = on id="carousel-206">

                            <div class="slick-slide carousel-item-1255">
                    <div class="post-style-2 rpc-bg rpc-box">
    <div class="wcp-img-wrap">
        <a href="https://hotelfloracomano.it/de/offerte/romantisches-neues-jahr/">
            <div class="fixed-height-image"><img width="370" height="300" src="https://hotelfloracomano.it/wp-content/uploads/2018/06/h.vital_.tn_.18-0323_1920x1280-370x300.jpg" class="attachment-370x300 size-370x300 wp-post-image" alt="" decoding="async" loading="lazy" srcset="https://hotelfloracomano.it/wp-content/uploads/2018/06/h.vital_.tn_.18-0323_1920x1280-370x300.jpg 370w, https://hotelfloracomano.it/wp-content/uploads/2018/06/h.vital_.tn_.18-0323_1920x1280-270x220.jpg 270w" sizes="(max-width: 370px) 100vw, 370px" /></div>        </a>
    </div>
    <div class="wcp-content-wrap">
        <h3>
            <a class="rpc-title" href="https://hotelfloracomano.it/de/offerte/romantisches-neues-jahr/" target="_self" class="rpc-title">
                ROMANTISCHES NEUES JAHR            </a>
        </h3>
                <div class="wcp-post-contents rpc-content">

            Eingeweiht im Jahr 2022, umgeben von einer romantischen und entspannten Atmosphäre. Funkelnde Weihnachtsdekorationen, die faszinierenden Weinhachtsmärkte des Trentino, verwöhnende und&hellip;
                            <br>
                <a href="https://hotelfloracomano.it/de/offerte/romantisches-neues-jahr/" target="_self" class="vhf-btn">Scopri »</a>
        
        </div>        
    </div>
</div>                </div>    

                            <div class="slick-slide carousel-item-1473">
                    <div class="post-style-2 rpc-bg rpc-box">
    <div class="wcp-img-wrap">
        <a href="https://hotelfloracomano.it/de/offerte/glueckliche-weihnachten/">
            <div class="fixed-height-image"><img width="370" height="300" src="https://hotelfloracomano.it/wp-content/uploads/2018/11/050h.vital_.tn_.18-0714-370x300.jpg" class="attachment-370x300 size-370x300 wp-post-image" alt="" decoding="async" loading="lazy" srcset="https://hotelfloracomano.it/wp-content/uploads/2018/11/050h.vital_.tn_.18-0714-370x300.jpg 370w, https://hotelfloracomano.it/wp-content/uploads/2018/11/050h.vital_.tn_.18-0714-270x220.jpg 270w" sizes="(max-width: 370px) 100vw, 370px" /></div>        </a>
    </div>
    <div class="wcp-content-wrap">
        <h3>
            <a class="rpc-title" href="https://hotelfloracomano.it/de/offerte/glueckliche-weihnachten/" target="_self" class="rpc-title">
                GLÜCKLICHE WEIHNACHTEN            </a>
        </h3>
                <div class="wcp-post-contents rpc-content">

            Nutzen Sie die einmalige Gelegenheit, um in der Weihnachtszeit einen Wellnessaufenthalt im Trentino zu verbringen. Wir garantieren maximale Entspannung. 256&hellip;
                            <br>
                <a href="https://hotelfloracomano.it/de/offerte/glueckliche-weihnachten/" target="_self" class="vhf-btn">Scopri »</a>
        
        </div>        
    </div>
</div>                </div>    

                            <div class="slick-slide carousel-item-1268">
                    <div class="post-style-2 rpc-bg rpc-box">
    <div class="wcp-img-wrap">
        <a href="https://hotelfloracomano.it/de/offerte/wochenende-im-geschmack/">
            <div class="fixed-height-image"><img width="370" height="300" src="https://hotelfloracomano.it/wp-content/uploads/2018/10/Ciuiga__Foto-19-370x300.jpg" class="attachment-370x300 size-370x300 wp-post-image" alt="" decoding="async" loading="lazy" srcset="https://hotelfloracomano.it/wp-content/uploads/2018/10/Ciuiga__Foto-19-370x300.jpg 370w, https://hotelfloracomano.it/wp-content/uploads/2018/10/Ciuiga__Foto-19-270x220.jpg 270w" sizes="(max-width: 370px) 100vw, 370px" /></div>        </a>
    </div>
    <div class="wcp-content-wrap">
        <h3>
            <a class="rpc-title" href="https://hotelfloracomano.it/de/offerte/wochenende-im-geschmack/" target="_self" class="rpc-title">
                WOCHENENDE IM GESCHMACK            </a>
        </h3>
                <div class="wcp-post-contents rpc-content">

            Das Festival der Ciuìga möchte den unverwechselbaren Geschmack der typischen Salami von San Lorenzo in Banale feiern. Buchen Sie Ihren&hellip;
                            <br>
                <a href="https://hotelfloracomano.it/de/offerte/wochenende-im-geschmack/" target="_self" class="vhf-btn">Scopri »</a>
        
        </div>        
    </div>
</div>                </div>    

                            <div class="slick-slide carousel-item-1106">
                    <div class="post-style-2 rpc-bg rpc-box">
    <div class="wcp-img-wrap">
        <a href="https://hotelfloracomano.it/de/offerte/wir-rabatten-sie-ihr-alter/">
            <div class="fixed-height-image"><img width="370" height="300" src="https://hotelfloracomano.it/wp-content/uploads/2018/11/050h.vital_.tn_.18-0714-370x300.jpg" class="attachment-370x300 size-370x300 wp-post-image" alt="" decoding="async" loading="lazy" srcset="https://hotelfloracomano.it/wp-content/uploads/2018/11/050h.vital_.tn_.18-0714-370x300.jpg 370w, https://hotelfloracomano.it/wp-content/uploads/2018/11/050h.vital_.tn_.18-0714-270x220.jpg 270w" sizes="(max-width: 370px) 100vw, 370px" /></div>        </a>
    </div>
    <div class="wcp-content-wrap">
        <h3>
            <a class="rpc-title" href="https://hotelfloracomano.it/de/offerte/wir-rabatten-sie-ihr-alter/" target="_self" class="rpc-title">
                WIR RABATTEN SIE IHR ALTER!            </a>
        </h3>
                <div class="wcp-post-contents rpc-content">

            Wer hat gesagt, dass das Alter nicht zählt? Bei Vital Hotel Flora zählt es und wie! Bei einem Mindestaufenthalt von&hellip;
                            <br>
                <a href="https://hotelfloracomano.it/de/offerte/wir-rabatten-sie-ihr-alter/" target="_self" class="vhf-btn">Scopri »</a>
        
        </div>        
    </div>
</div>                </div>    

                
        </section>
        </div>
        <style>#carousel-206 .slick-prev:before, #carousel-206 .slick-next:before { color: #ffffff !important;}#carousel-206 .slick-slide { margin: 2px 30px; } #carousel-206 .rpc-title { color: ; } #carousel-206 .rpc-content { color: ; } #carousel-206 .rpc-date { background-color: ; } #carousel-206 .rpc-date { color: #ffffff; } #carousel-206 .rpc-overlay { background-color: #ffffff; } #carousel-206 .carousel-style9 { border-top-color: #ffffff; } #carousel-206 .carousel-style9 .button:before { background-color: #ffffff; } #carousel-206 .rpc-box { box-shadow: -webkit-box-shadow: 0px 5px 10px 0px rgba(0,0,0,0.35); -moz-box-shadow: 0px 5px 10px 0px rgba(0,0,0,0.35); box-shadow: 0px 5px 10px 0px rgba(0,0,0,0.35);; } #carousel-206 .rpc-bg { background-color: #ffffff; } #carousel-206 .rpc-title-bg { background-color: #ffffff; } #carousel-206 .rpc-box { border: 5px solid #ffffff; } #carousel-206 .fixed-height-image { height: ; } #carousel-206 .style4 { padding: 10px; } #carousel-206 .style6 { padding: 10px; } #carousel-206 .carousel-style11:after { border-color: transparent transparent transparent #ffffff; } #carousel-206 figure.carousel-style18:after { background-color: #ffffff; } #carousel-206 .slick-next:before { content: '\ \f0a9 '; } #carousel-206 .slick-prev:before { content: '\ \f0a8'; }#carousel-206 .slick-next:before, #carousel-206 .slick-prev:before { background-color: #3d2a62; padding: 2px 5px; border-radius: 50%; } #carousel-206 .carousel-style12 figcaption:before { border-color: transparent transparent transparent #ffffff; } #carousel-206 .carousel-style14 figcaption:before { background-image: linear-gradient(to bottom, transparent 0%, #ffffff 100%); } #carousel-206 .carousel-style15 figcaption:before { border-color: transparent transparent transparent #ffffff; } #carousel-206 .rpc-title { font-family: ; } #carousel-206 .rpc-title { font-size: 21px; } #carousel-206 .rpc-content { font-family: ; } #carousel-206 .rpc-content { font-size: 16px; } </style>[/vc_column_text][/vc_column][/vc_row]</p>

<p>[vc_row][vc_column][vc_column_text css=&#8220;.vc_custom_1524462802267{margin-top: 30px !important;margin-bottom: 30px !important;}&#8220;] DAS VITAL HOTEL FLORA IST DIE IDEALE OASE DER ENTSPANNUNG, WO SIE EINEN URLAUB IM TRENTINO UND NUR WENIGE SCHRITTE VON DEN THERMEN VERBRINGEN KÖNNEN Die Hektik und der Stress, von denen der Alltag durchdrungen ist, führen dazu, dass wir immer mehr Raum für uns selbst suchen müssen, um</p>
