{"id":760,"date":"2018-03-16T12:57:00","date_gmt":"2018-03-16T11:57:00","guid":{"rendered":"https:\/\/www.hotelfloracomano.it\/trekking\/"},"modified":"2018-06-26T17:35:01","modified_gmt":"2018-06-26T15:35:01","slug":"wandern","status":"publish","type":"page","link":"https:\/\/hotelfloracomano.it\/de\/wandern\/","title":{"rendered":"WANDERN"},"content":{"rendered":"<p>[vc_row][vc_column][vc_column_text]<\/p>\n<h2>WANDERN IM NATURPARK ADAMELLO-BRENTA ZUM WOHLF\u00dcHLEN: DAS IST EINE UNSERER GOLDENEN REGELN<\/h2>\n<p style=\"text-align: center;\">Im Valle Salus und in Comano Terme k\u00f6nnen Sie 365 Tage im Jahr wandern.<\/p>\n<p style=\"text-align: center;\">Das Vital Hotel Flora liegt in einer abwechslungsreichen Gegend, die durch ihre Lage zwischen dem Gardasee und den Brentner Dolomiten v\u00f6llig unterschiedliche nat\u00fcrliche Landschaften bietet.<\/p>\n<p style=\"text-align: center;\">Wir stellen Ihnen Nordic-Walking-St\u00f6cke zur Verf\u00fcgung, mit denen Sie die Umgebung erkunden und sich bei jedem Steigungswechsel begeistern k\u00f6nnen.<\/p>\n<p style=\"text-align: center;\">Dolomiti Brenta Trek ist die ber\u00fchmte Wandertour, die sich ringf\u00f6rmig entwickelt und aus thematischen Routen besteht, die vom Naturpark Adamello-Brenta gef\u00f6rdert werden.<\/p>\n<p style=\"text-align: center;\">W\u00e4hlen Sie Ausgangspunkt f\u00fcr den Rundweg die Ortschaft Comano Terme!<\/p>\n<p>[\/vc_column_text][vc_media_grid gap=&#8220;0&#8243; item=&#8220;mediaGrid_ScaleInWithIcon&#8220; grid_id=&#8220;vc_gid:1524473184617-43cb9881-483d-6&#8243; include=&#8220;478,477,476,475,474,473&#8243; css=&#8220;.vc_custom_1521587534551{margin-top: 40px !important;}&#8220;][\/vc_column][\/vc_row]<\/p>\n","protected":false},"excerpt":{"rendered":"<p>[vc_row][vc_column][vc_column_text] WANDERN IM NATURPARK ADAMELLO-BRENTA ZUM WOHLF\u00dcHLEN: DAS IST EINE UNSERER GOLDENEN REGELN Im Valle Salus und in Comano Terme k\u00f6nnen Sie 365 Tage im Jahr wandern. Das Vital Hotel Flora liegt in einer abwechslungsreichen Gegend, die durch ihre Lage zwischen dem Gardasee und den Brentner Dolomiten v\u00f6llig unterschiedliche nat\u00fcrliche Landschaften bietet. Wir stellen Ihnen<\/p>\n","protected":false},"author":1,"featured_media":0,"parent":0,"menu_order":0,"comment_status":"closed","ping_status":"closed","template":"","meta":[],"acf":[],"_links":{"self":[{"href":"https:\/\/hotelfloracomano.it\/de\/wp-json\/wp\/v2\/pages\/760"}],"collection":[{"href":"https:\/\/hotelfloracomano.it\/de\/wp-json\/wp\/v2\/pages"}],"about":[{"href":"https:\/\/hotelfloracomano.it\/de\/wp-json\/wp\/v2\/types\/page"}],"author":[{"embeddable":true,"href":"https:\/\/hotelfloracomano.it\/de\/wp-json\/wp\/v2\/users\/1"}],"replies":[{"embeddable":true,"href":"https:\/\/hotelfloracomano.it\/de\/wp-json\/wp\/v2\/comments?post=760"}],"version-history":[{"count":2,"href":"https:\/\/hotelfloracomano.it\/de\/wp-json\/wp\/v2\/pages\/760\/revisions"}],"predecessor-version":[{"id":762,"href":"https:\/\/hotelfloracomano.it\/de\/wp-json\/wp\/v2\/pages\/760\/revisions\/762"}],"wp:attachment":[{"href":"https:\/\/hotelfloracomano.it\/de\/wp-json\/wp\/v2\/media?parent=760"}],"curies":[{"name":"wp","href":"https:\/\/api.w.org\/{rel}","templated":true}]}}

<p>[vc_row][vc_column][vc_column_text]</p>
<h2>WANDERN IM NATURPARK ADAMELLO-BRENTA ZUM WOHLFÜHLEN: DAS IST EINE UNSERER GOLDENEN REGELN</h2>
<p style="text-align: center;">Im Valle Salus und in Comano Terme können Sie 365 Tage im Jahr wandern.</p>
<p style="text-align: center;">Das Vital Hotel Flora liegt in einer abwechslungsreichen Gegend, die durch ihre Lage zwischen dem Gardasee und den Brentner Dolomiten völlig unterschiedliche natürliche Landschaften bietet.</p>
<p style="text-align: center;">Wir stellen Ihnen Nordic-Walking-Stöcke zur Verfügung, mit denen Sie die Umgebung erkunden und sich bei jedem Steigungswechsel begeistern können.</p>
<p style="text-align: center;">Dolomiti Brenta Trek ist die berühmte Wandertour, die sich ringförmig entwickelt und aus thematischen Routen besteht, die vom Naturpark Adamello-Brenta gefördert werden.</p>
<p style="text-align: center;">Wählen Sie Ausgangspunkt für den Rundweg die Ortschaft Comano Terme!</p>
<p>[/vc_column_text][vc_media_grid gap=&#8220;0&#8243; item=&#8220;mediaGrid_ScaleInWithIcon&#8220; grid_id=&#8220;vc_gid:1524473184617-43cb9881-483d-6&#8243; include=&#8220;478,477,476,475,474,473&#8243; css=&#8220;.vc_custom_1521587534551{margin-top: 40px !important;}&#8220;][/vc_column][/vc_row]</p>

<p>[vc_row][vc_column][vc_column_text] WANDERN IM NATURPARK ADAMELLO-BRENTA ZUM WOHLFÜHLEN: DAS IST EINE UNSERER GOLDENEN REGELN Im Valle Salus und in Comano Terme können Sie 365 Tage im Jahr wandern. Das Vital Hotel Flora liegt in einer abwechslungsreichen Gegend, die durch ihre Lage zwischen dem Gardasee und den Brentner Dolomiten völlig unterschiedliche natürliche Landschaften bietet. Wir stellen Ihnen</p>
