{"id":771,"date":"2018-03-16T15:05:51","date_gmt":"2018-03-16T14:05:51","guid":{"rendered":"https:\/\/www.hotelfloracomano.it\/natura-e-territorio\/"},"modified":"2018-06-26T17:33:26","modified_gmt":"2018-06-26T15:33:26","slug":"natur-und-umgebung","status":"publish","type":"page","link":"https:\/\/hotelfloracomano.it\/de\/natur-und-umgebung\/","title":{"rendered":"NATUR UND UMGEBUNG"},"content":{"rendered":"<p>[vc_row][vc_column][vc_column_text]<\/p>\n<h2>WIR RESPEKTIEREN DIE WERTE UNSERER GEGEND UND DES NATURPARKS ADAMELLO-BRENTA<\/h2>\n<p style=\"text-align: center;\">Das Vital Hotel Flora hie\u00dft Sie in einer m\u00e4rchenhaften Naturkulisse willkommen.<\/p>\n<p style=\"text-align: center;\">Sie k\u00f6nnen sich in unserem Hotel ein paar Schritte vom UNESCO-Welterbe der Brentner Dolomiten erholen, das in die Stille, Ruhe und Gelassenheit eingebettet ist, die nur die unber\u00fchrte Natur bieten kann.<\/p>\n<p style=\"text-align: center;\">Wir nehmen R\u00fccksicht auf die Umwelt und versuchen, unseren G\u00e4sten den Wert der kleinen t\u00e4glichen Gesten zu vermitteln, die die Lebensqualit\u00e4t verbessern und unser Konzept eines Vital-Urlaubs aufs Beste zum Ausdruck bringen.<\/p>\n<p>[\/vc_column_text][vc_media_grid gap=&#8220;0&#8243; item=&#8220;mediaGrid_ScaleInWithIcon&#8220; grid_id=&#8220;vc_gid:1524475122986-734c217a-9c14-1&#8243; include=&#8220;486,487,488,489,490,491,493,494,495&#8243; css=&#8220;.vc_custom_1521588404352{margin-top: 40px !important;}&#8220;][\/vc_column][\/vc_row]<\/p>\n","protected":false},"excerpt":{"rendered":"<p>[vc_row][vc_column][vc_column_text] WIR RESPEKTIEREN DIE WERTE UNSERER GEGEND UND DES NATURPARKS ADAMELLO-BRENTA Das Vital Hotel Flora hie\u00dft Sie in einer m\u00e4rchenhaften Naturkulisse willkommen. Sie k\u00f6nnen sich in unserem Hotel ein paar Schritte vom UNESCO-Welterbe der Brentner Dolomiten erholen, das in die Stille, Ruhe und Gelassenheit eingebettet ist, die nur die unber\u00fchrte Natur bieten kann. Wir nehmen<\/p>\n","protected":false},"author":1,"featured_media":1024,"parent":0,"menu_order":0,"comment_status":"closed","ping_status":"closed","template":"","meta":[],"acf":[],"_links":{"self":[{"href":"https:\/\/hotelfloracomano.it\/de\/wp-json\/wp\/v2\/pages\/771"}],"collection":[{"href":"https:\/\/hotelfloracomano.it\/de\/wp-json\/wp\/v2\/pages"}],"about":[{"href":"https:\/\/hotelfloracomano.it\/de\/wp-json\/wp\/v2\/types\/page"}],"author":[{"embeddable":true,"href":"https:\/\/hotelfloracomano.it\/de\/wp-json\/wp\/v2\/users\/1"}],"replies":[{"embeddable":true,"href":"https:\/\/hotelfloracomano.it\/de\/wp-json\/wp\/v2\/comments?post=771"}],"version-history":[{"count":2,"href":"https:\/\/hotelfloracomano.it\/de\/wp-json\/wp\/v2\/pages\/771\/revisions"}],"predecessor-version":[{"id":773,"href":"https:\/\/hotelfloracomano.it\/de\/wp-json\/wp\/v2\/pages\/771\/revisions\/773"}],"wp:featuredmedia":[{"embeddable":true,"href":"https:\/\/hotelfloracomano.it\/de\/wp-json\/wp\/v2\/media\/1024"}],"wp:attachment":[{"href":"https:\/\/hotelfloracomano.it\/de\/wp-json\/wp\/v2\/media?parent=771"}],"curies":[{"name":"wp","href":"https:\/\/api.w.org\/{rel}","templated":true}]}}

<p>[vc_row][vc_column][vc_column_text]</p>
<h2>WIR RESPEKTIEREN DIE WERTE UNSERER GEGEND UND DES NATURPARKS ADAMELLO-BRENTA</h2>
<p style="text-align: center;">Das Vital Hotel Flora hießt Sie in einer märchenhaften Naturkulisse willkommen.</p>
<p style="text-align: center;">Sie können sich in unserem Hotel ein paar Schritte vom UNESCO-Welterbe der Brentner Dolomiten erholen, das in die Stille, Ruhe und Gelassenheit eingebettet ist, die nur die unberührte Natur bieten kann.</p>
<p style="text-align: center;">Wir nehmen Rücksicht auf die Umwelt und versuchen, unseren Gästen den Wert der kleinen täglichen Gesten zu vermitteln, die die Lebensqualität verbessern und unser Konzept eines Vital-Urlaubs aufs Beste zum Ausdruck bringen.</p>
<p>[/vc_column_text][vc_media_grid gap=&#8220;0&#8243; item=&#8220;mediaGrid_ScaleInWithIcon&#8220; grid_id=&#8220;vc_gid:1524475122986-734c217a-9c14-1&#8243; include=&#8220;486,487,488,489,490,491,493,494,495&#8243; css=&#8220;.vc_custom_1521588404352{margin-top: 40px !important;}&#8220;][/vc_column][/vc_row]</p>

<p>[vc_row][vc_column][vc_column_text] WIR RESPEKTIEREN DIE WERTE UNSERER GEGEND UND DES NATURPARKS ADAMELLO-BRENTA Das Vital Hotel Flora hießt Sie in einer märchenhaften Naturkulisse willkommen. Sie können sich in unserem Hotel ein paar Schritte vom UNESCO-Welterbe der Brentner Dolomiten erholen, das in die Stille, Ruhe und Gelassenheit eingebettet ist, die nur die unberührte Natur bieten kann. Wir nehmen</p>
